mmon factor of 32 and d.
16
Suppose -m + 6 = -1. Let a be (-9)/21 + 486/m. Suppose 4*u + n - a = 0, 0*u - 4*n - 44 = -4*u. What is the highest common divisor of u and 4?
4
Let z(g) = -g**3 - 7*g**2 + 19*g + 22. Let k be z(-9). What is the greatest common divisor of 13 and k?
13
Suppose -5*j + 122 + 3 = 0. Suppose 7*o = 4*o + 789. Suppose o = 3*z - 562. Calculate the highest common factor of j and z.
25
Let o(v) = 2*v**3 - 6*v**2 + 3*v + 5. Let l be o(5). Calculate the greatest common divisor of 80 and l.
40
Let z(u) = 2*u**3 + 2*u**2 - 1. Let m be z(1). Suppose d - 6*d + w = -88, 45 = m*d + 2*w. Let b = 423 + -304. Calculate the highest common divisor of d and b.
17
Suppose -8*n + 10*n + 140 = 0. Let w be 21/(-2)*120/n. What is the highest common divisor of w and 12?
6
Suppose a = b - 6, 4*b - 24 = -6*a + a. What is the highest common divisor of b and 30?
6
Let r = 25 + -28. Let m be 18/54 + (-431)/r. What is the greatest common divisor of 16 and m?
16
Let s be 3 + (-4)/(-2)*9. Suppose 4*g + k = -g + 530, -4*g + 445 = 5*k. What is the greatest common factor of g and s?
21
Suppose 4*z + 4*i = 700, 5*z + i = 72 + 823. What is the greatest common divisor of 90 and z?
90
Let z be 3*(-1)/((-4)/56). Let m(b) = b**2 + b - 6. Let o be m(4). Calculate the highest common divisor of o and z.
14
Let c(n) = -n. Let j be 3/4 - 72/(-32). Let m be c(j). Let u be (-2 - m/1)*2. Calculate the greatest common divisor of u and 2.
2
Suppose 86*n = 118*n - 768. What is the highest common factor of 224 and n?
8
Let p = -22 + 25. Suppose -4*n + 13 = -2*c - p, -n = -5. Calculate the greatest common divisor of c and 8.
2
Suppose 21*b = -0*b + 462. Calculate the highest common divisor of 2662 and b.
22
Let g be 2 + 0 - (14 + -47). Let n = g - 35. Suppose -2*l + 2 + 20 = n. Calculate the highest common divisor of l and 77.
11
Let q = -47 + 96. Let v = 11 + -1. Suppose -25 - v = -5*u. What is the greatest common divisor of q and u?
7
Let s be 2/23 + (-69504)/(-552). Calculate the greatest common factor of s and 14.
14
Let c be -2 + 1 + (2 - -1). Let w be (c - 3/(-3)) + 21. Suppose 0 = y + 2*y - w. What is the greatest common divisor of y and 88?
8
Let y be 3 + (-18)/3 - -582. Suppose -5*b + y = 4*s, 2*b - 127 = b + 2*s. Let n = 28 + -11. What is the greatest common factor of n and b?
17
Let h(g) = -g**2 - 50*g - 153. Let i be h(-40). Calculate the greatest common divisor of 13 and i.
13
Let g(c) = 53*c**2 + 11*c - 6. Let d be g(-4). What is the highest common divisor of 42 and d?
42
Let k = -232 - -329. Calculate the greatest common factor of k and 776.
97
Let l be 43 - (3/(-6) - 44/(-8)). What is the highest common factor of l and 19?
19
Suppose l + 3*l - 192 = 0. Let m(z) = -z**2 + 11*z + 234. Let f be m(21). What is the highest common factor of l and f?
24
Suppose 14 = m + 3*r, -5*r = -4*m - 0 + 5. Suppose m*z = 3 + 12. What is the greatest common divisor of z and 12?
3
Suppose 2*k + 300 = 3*v + v, 2*v - 162 = -2*k. Let h = -45 + v. Suppose 9*c = 202 + 230. Calculate the greatest common factor of h and c.
16
Suppose 33 = 3*y - 21. Let j = -6 + y. Let c be ((-8)/j)/(1/(-9)). Calculate the highest common divisor of c and 6.
6
Suppose 10 = 5*b, -3*b + 190 = 12*p - 11*p. What is the greatest common factor of p and 1564?
92
Suppose -3*v - v = 28. Let h be (15 - v)*(-1)/4*-2. What is the greatest common factor of 55 and h?
11
Let g = 248 - 153. What is the greatest common factor of 5 and g?
5
Suppose 0 = 2*m + 5*q - 18, -128 = 2*m - 5*q - 126. Calculate the highest common factor of 44 and m.
4
Let s be (-2)/6 + -4 + (-61)/(-3). Let i = 342 - 158. Suppose -40 = -2*p + i. Calculate the highest common divisor of p and s.
16
Let y be ((-19)/14 + 21/14)*749. Calculate the greatest common factor of y and 856.
107
Let y(w) = -w**2 + 5*w. Let t be y(4). Suppose t*o + 2*z - 30 = 0, -3*o + 1 = -z - 14. Let u = -1 + o. Calculate the greatest common factor of 30 and u.
5
Let n(l) = l + 8. Let q be n(-4). Let y(v) = -v**2 + 11*v + 4. Let f be y(11). Suppose -3*x = -f - 128. What is the highest common factor of x and q?
4
Let q = 6 - 1. Suppose 5*s + 3*k = -160, -29 = -5*s + q*k - 149. Let w = s - -93. Calculate the greatest common divisor of w and 8.
8
Let l(a) = -10*a**2 - 2*a + 4. Let y be l(-2). Let g be (1 - 5) + -4*120/y. Calculate the greatest common factor of g and 22.
11
Suppose 0*u + 18 = u. Let o(h) = h**3 + 21*h**2 + 20*h. Let n be o(-20). Suppose 15*i - 2970 = -n*i. What is the highest common divisor of u and i?
18
Let w be ((-4)/(-10))/((-7)/(-35)). Suppose c = -w + 5. Let u be ((-18)/15)/c*-5. What is the greatest common divisor of u and 18?
2
Let m = 1599 + -1546. What is the highest common factor of 53 and m?
53
Suppose 0 = -2*n + 2, u + u + n - 31 = 0. Let k be 10/(-15)*-3*u. Suppose v - 4*r = 0, -r = -6*r + 15. Calculate the highest common factor of k and v.
6
Let b be (-6)/(-33) - (-1536)/22. Suppose 9 = t - 5. What is the greatest common factor of b and t?
14
Let k = 861 + -847. Suppose 0 = -5*q - 4*t + 2, 0*t - 3*t = q + 4. Calculate the highest common divisor of k and q.
2
Let v be (-16 - 10)/(1/(-2)). Calculate the highest common factor of v and 13.
13
Let l(r) = -5*r + 4. Let c be l(-5). Let k = c + -22. Calculate the highest common divisor of 77 and k.
7
Let b = 12 - 10. Suppose 2*j = -b, 0*j + 4*j = -4*q + 40. Calculate the highest common factor of q and 22.
11
Let x be 144/11*-2 + 8/44. Let r be 5*(3 + x*2/20). What is the greatest common divisor of 2 and r?
2
Let l be (3 - -7)*6/5. Suppose 0 = 24*c - 1367 + 71. What is the greatest common factor of l and c?
6
Let p be 125 - ((5 - -1) + -2). Suppose -5*j + p = -149. Suppose 0 = -0*t - t + 6. Calculate the greatest common divisor of j and t.
6
Let s(c) be the first derivative of -30*c**2 - 4*c - 48. Let a be s(-3). What is the highest common factor of 16 and a?
16
Suppose x + 5*c + 136 = 0, 259 = -2*x + 2*c - 37. Let a = x - -148. What is the highest common factor of a and 16?
2
Let r(v) = -v**3 - v**2 + 2*v + 6. Suppose 4*l = -s - 1 - 8, -4*l + 3*s = 21. Let a be r(l). Calculate the greatest common factor of 45 and a.
9
Let j(n) = -1 + 3*n**2 + 29*n**2 - 8*n**2. Let a be j(-1). Calculate the greatest common factor of 115 and a.
23
Let w(o) be the second derivative of o**4/12 - o**3/3 - 3*o**2/2 + 21*o. Let r be w(-3). Calculate the highest common divisor of r and 30.
6
Suppose -5*u + 6 = -l, 4*l = 2*u + 2*u + 24. What is the greatest common divisor of 3 and l?
3
Let m(g) = -18*g - 29. Let t be m(-2). Calculate the greatest common factor of 91 and t.
7
Suppose -d + 113 = -22. Calculate the highest common factor of 225 and d.
45
Let c = -118 - -138. Calculate the highest common divisor of 55 and c.
5
Let o be (-322)/(-6) - (-9)/(135/(-10)). What is the highest common divisor of o and 212?
53
Suppose 0 = -10*t + 7*t - 6. Let q be (t/(-6))/(1/54). Suppose v = 2*v - 162. Calculate the highest common factor of q and v.
18
Suppose 4*p - 3*p - 63 = 0. What is the highest common divisor of p and 14?
7
Suppose j = 0, -4*q - 7*j + 20 = -3*j. Calculate the highest common divisor of q and 5.
5
Let a(l) = -l - 10. Let z be a(-12). Let i(o) = 25*o + 3 + z + 7. Let u be i(6). Calculate the greatest common divisor of 18 and u.
18
Let f = -2130 - -2166. What is the greatest common divisor of 27 and f?
9
Suppose 4*r = -3*i + 12, 25 = 5*i - r + 6*r. Let o = -15 + 20. Suppose 5*m = 3*u + u - 79, -o*m = 15. Calculate the greatest common divisor of i and u.
8
Let t(x) = x**2 + 8*x - 92. Let r be t(-16). What is the greatest common factor of 4 and r?
4
Suppose -5*k + 11 = -4*b, 3*k = -k - 2*b + 14. Let g be k/5 + 192/30. What is the highest common divisor of g and 7?
7
Let p = -38 - -173. Let c(l) = 2*l**2 + 23*l - 57. Let a be c(3). Calculate the highest common divisor of p and a.
15
Let x be 5*((-7236)/45)/(-4). What is the highest common factor of x and 938?
67
Let r(m) = 9*m - 69. Let g be r(10). What is the highest common divisor of 987 and g?
21
Let f be (-1 - 12)*(-18)/(-3). Let q be ((-4)/(-12))/((-1)/f). Calculate the greatest common divisor of 2 and q.
2
Suppose -107 = -3*u + 3*g + 706, 0 = 4*g + 4. Let s = 1391 + -1364. Calculate the greatest common divisor of u and s.
27
Let k(i) = -i**3 + 7*i**2 - 4*i - 2. Let l be k(